l + 3*v, 3*v - 3 = -l. Let c be q(l). Let r = -2 + 4. What is the highest common factor of c and r?
2
Let g(y) be the first derivative of y**3/3 + 7*y**2/2 - 11*y + 3. Let r be g(-9). Suppose -8 - 118 = -2*p. What is the greatest common factor of p and r?
7
Suppose -136 = -2*f + 74. Suppose 5*q + 1 = 4*q, 5*q = 5*a - f. What is the highest common factor of a and 2?
2
Suppose -r - 3 + 23 = 0. Calculate the highest common divisor of 220 and r.
20
Let s = -56 + 71. Calculate the greatest common factor of s and 5.
5
Suppose -3*l - 1 = 5*d - 26, d = l - 3. Suppose f = 0, l*q = 6*f - f + 10. Suppose -4*s = -q*s - 120. Calculate the greatest common divisor of s and 10.
10
Suppose -7 = -3*r + 11. What is the highest common factor of r and 9?
3
Suppose 4*r - 2*f + f = 60, -2*f = -r + 8. Let t be -2 - (-10)/(2 - 0). Let u(j) = 12*j - 4. Let w be u(t). Calculate the greatest common divisor of r and w.
16
Suppose -4*u + 5 = -3, -2*j - 2*u + 20 = 0. What is the greatest common factor of j and 2?
2
Let c(p) = p - 5. Let y be c(5). Suppose -h - 3*h + 36 = y. Let t be (-1)/5 + (-91)/(-5). What is the greatest common factor of h and t?
9
Suppose 0*u = -2*u + 64. Let z = u - 12. What is the greatest common factor of 10 and z?
10
Suppose -n = 5*z + 4*n, -5*n = 3*z + 4. Let i be 1/(-5) + 2205/25. Suppose 0*q + i = 5*o + q, 5*q - 62 = -4*o. What is the greatest common divisor of z and o?
2
Suppose -2*a = -16 - 0. Suppose -2*l - 1 - 1 = 0. Let i be ((1 + 3)*-6)/l. What is the greatest common divisor of i and a?
8
Suppose 4*b = -4*z - b + 141, -19 = -z + 2*b. What is the greatest common factor of z and 87?
29
Suppose 5*r = 3 + 27. Let v = 42 - 18. Calculate the highest common factor of r and v.
6
Suppose 0 = -5*p - 25, 0 = 3*o - 4*p - 10 - 19. Suppose -k + 2*f - 10 = -35, -4*f = -4*k + 92. What is the greatest common divisor of k and o?
3
Suppose 14 = -v - 4. Let g = -3 - v. Suppose 3*s - 2*z = 131, -223 = -4*s + 5*z - 53. What is the greatest common divisor of g and s?
15
Let t be 8/6 + (-2)/6. Suppose 2*i = 3 + 1. Suppose i = -2*h + 12. What is the greatest common factor of t and h?
1
Let q be -4 + 17 + (4 - -1). What is the highest common divisor of q and 18?
18
Suppose 5*a - 4*a = -3*y + 123, 3*y = -4*a + 483. Calculate the greatest common factor of 6 and a.
6
Let c = -73 - -83. Suppose k = 5 + 25. Calculate the greatest common divisor of c and k.
10
Let j = 5 + -3. Suppose -77 + 301 = j*d. What is the highest common divisor of d and 14?
14
Suppose -2*z + 30 = 3*y, 3*y - 2*z - 3*z - 9 = 0. Calculate the highest common divisor of 12 and y.
4
Let k be (-22)/4 + 3/6. Let n = k - -23. Let y = 0 + 198. What is the highest common factor of n and y?
18
Suppose 2*j + 253 = 5*t, 0*t + 2*j - 237 = -5*t. Suppose 2*q - t = 55. Let y(b) = 14*b - 1. Let r be y(1). What is the highest common factor of q and r?
13
Let w(g) = -g**3 - 4*g**2 - g - 2. Let z be w(-4). Suppose 3*n = -z*n. Let o = 10 + n. Calculate the greatest common factor of 80 and o.
10
Suppose 5*b = 4*b + 5. Suppose -b*l = -l - 84. Calculate the greatest common factor of l and 7.
7
Suppose 4*o - o - 90 = 0. Let m be 1 - (-2 - 56)*1. Let b = m - -16. Calculate the greatest common factor of o and b.
15
Let w(l) = 3*l**3 + 33. Let p(b) = -b**3 - 11. Let g(u) = -17*p(u) - 6*w(u). Let d be g(0). Let i = d + 18. What is the greatest common divisor of 77 and i?
7
Let i be -2 - (2 + -4 + 0). Suppose 2*x + 0*q + 3*q = 4, -5*x - 2*q + 21 = i. What is the greatest common factor of 55 and x?
5
Let v(s) = s**3 - 5*s**2 - 2. Let r be v(5). Let g = 10 + r. Calculate the highest common factor of g and 32.
8
Let y(n) = -n**3 - 9*n**2 + 9*n - 3. Let z be y(-10). Let d be 38 + 0 + -5 + z. What is the greatest common divisor of 5 and d?
5
Let r = 6 + 8. Let a be (-5)/(-2) + 9/6. Suppose 32 = 2*n + a. What is the highest common factor of n and r?
14
Let q = 2 - -18. What is the greatest common factor of q and 260?
20
Suppose -p + 55 = 5*z, 3*p = -5*z + 115 + 20. Let h = -29 + p. What is the greatest common factor of h and 11?
11
Suppose 0 = -5*q - 4*g + 38 - 3, 3*q = 5*g + 21. What is the greatest common factor of 21 and q?
7
Suppose 3 = -0*b + b. Let a = 1 + b. Suppose -a*x = x - 15. What is the greatest common factor of x and 6?
3
Suppose 5*b - z - 174 = 0, 2*b - 3*z - 68 + 1 = 0. Calculate the greatest common divisor of b and 7.
7
Let r(w) = w**3 - 4*w**2 + 5*w + 6. Let s be r(6). Calculate the greatest common factor of s and 12.
12
Let t(y) be the first derivative of -5*y + 2 - 1/4*y**4 + 5/3*y**3 + y**2. Let f be t(5). What is the highest common factor of 15 and f?
5
Suppose 1 = -a + 2. Let n = 1 - a. Suppose -4*l - 5*j = -0*j - 56, 3*l - j - 23 = n. Calculate the highest common divisor of l and 99.
9
Let x(q) = -21*q - 1. Let b(j) = 52*j + 2. Let z(k) = 5*b(k) + 12*x(k). Let o be z(3). Calculate the highest common divisor of o and 55.
11
Suppose 0 = -2*h - 0 + 2. Suppose -w + 3 = h. Let u = -23 - -25. What is the highest common divisor of u and w?
2
Let y = 48 + -11. Suppose -l + y = 4*l + v, 4*l - 3*v - 22 = 0. What is the greatest common factor of l and 28?
7
Suppose -5*d + 11 = -d + 3*m, 4*m - 25 = 5*d. Let v = 265 + d. What is the highest common factor of v and 24?
24
Let f(h) = 4*h. Let u be f(4). Suppose -2*d - 6*r - 23 = -r, u = d - 3*r. Suppose 0 = 10*b - 6*b - 32. Calculate the highest common divisor of b and d.
1
Let w be 51/2 - (-11)/22. What is the greatest common factor of 39 and w?
13
Suppose -3*r - 2*r = d - 24, 4*d + 2*r = 24. Suppose -3*s + 16 = d. What is the greatest common divisor of 10 and s?
2
Let a = 136 - 76. Let q(i) = -i**2. Let x(o) = -2*o**2 - o. Let r(c) = 7*q(c) - 4*x(c). Let b be r(-6). Calculate the greatest common factor of b and a.
12
Let m = -20 + 30. Let j be ((-3)/4)/(2/(-240)). Calculate the greatest common factor of m and j.
10
Suppose -s - 4*q = s - 344, 3*q - 531 = -3*s. Suppose t - 37 = -11. What is the highest common factor of s and t?
26
Suppose 2*t = -5 + 3. Let c = t + 11. Calculate the highest common factor of 4 and c.
2
Suppose -d = -4*c - 48, -2*c - 1 - 23 = 3*d. Let r be (-118)/(-8) - 3/c. Let k(a) = -3*a - 3. Let u be k(-2). What is the highest common factor of u and r?
3
Let r(o) = 5*o - 12. Let z be r(5). What is the highest common divisor of 26 and z?
13
Suppose -8*k + 2*k = -78. What is the greatest common divisor of 13 and k?
13
Let v be 0 + (2 - (3 - 5)). Calculate the highest common factor of v and 44.
4
Let t = 9 - 5. Suppose -b - 23 = -3*z + t*b, 15 = 3*z + 3*b. Let a = -2 - -5. What is the greatest common factor of a and z?
3
Suppose -4*a - 3*i - 2*i = -94, a - 2*i = 30. Suppose -a = -n + 22. Suppose 2*m - n = m. Calculate the highest common factor of m and 12.
12
Let s = -13 + 40. What is the highest common divisor of s and 135?
27
Suppose -564 = 13*n - 17*n. Calculate the greatest common divisor of 94 and n.
47
Let g(v) = v**2 + 2*v - 3. Let f be (-8)/((4/(-30))/(-1)). Let r be 1/(-2) - f/8. Let q be g(r). Calculate the greatest common factor of q and 15.
15
Suppose 4*p - 90 = -66. What is the greatest common divisor of 2 and p?
2
Suppose -2*b + b + 4*o - 1 = 0, 2*o + 5 = b. Let r be -34*1 + 1 + 0. Let m = 55 + r. Calculate the highest common factor of b and m.
11
Let i(k) = -5*k + 2. Let f be i(2). Let z = f - -12. Suppose -3*n + z*n = 15. What is the highest common factor of 15 and n?
15
Let x(a) = -1 - 5 + 12*a - 3*a - a**2. Let h be x(8). Suppose -24 = -h*u - u. What is the greatest common divisor of 32 and u?
8
Let f be 124/5 + 2/10. What is the highest common divisor of 25 and f?
25
Suppose -m + 0*m = -60. Calculate the greatest common divisor of 24 and m.
12
Let p be (-14)/8*12/(-3). Let d(c) = -c**2 + 11*c - 8. Let t be d(p). Suppose 5*q = -5, 3*v - 18 = -2*v - 2*q. What is the highest common factor of v and t?
4
Let m = 2 - 2. Suppose u - 2*u + 12 = s, m = -u + s + 10. Calculate the highest common divisor of 33 and u.
11
Suppose -v - 3*v = -8, -2*q + v = -2. Suppose 2*f - 80 = -3*f. Calculate the greatest common divisor of f and q.
2
Let s(v) = -v**3 - 17*v**2 + 15*v - 24. Let a be s(-18). Let w = 22 - 12. What is the greatest common factor of a and w?
10
Let y be 1/((-15)/(-14) - 1). Let g = 37 + y. Let z = g - -39. What is the highest common factor 